f + 174. Let m(j) = -21*j - 26. What is m(f)?
16
Let y be 242/26 - (108/39)/9. Let t(l) = -27*l + 242. Calculate t(y).
-1
Let a be 6/(4 + -4 + 3). Let k(c) = 0*c + 0 - 2*c + 3 - 4 + c**a. Calculate k(-1).
2
Let f(h) be the third derivative of h**5/60 - h**4/4 + 2*h**3/3 - 165*h**2. Suppose g - 8 + 21 = 3*i, -8 = -i + 4*g. Give f(i).
-4
Suppose -2*f + 6*f - 12 = 0. Let v(r) be the second derivative of -r**4/12 + 2*r**3/3 + r**2/2 - 9*r + 195. Give v(f).
4
Let g(j) = 9*j**3 - 5*j**2 + 16*j + 7. Let k(r) be the first derivative of r**4/2 + r**2/2 - 17. Let m(a) = -g(a) + 5*k(a). Calculate m(-7).
-28
Let x(m) = 5*m**2 - 31*m + 8. Let n be x(7). Suppose -73*j - n = -79*j. Let o(l) = l**3 - 5*l**2 - 3*l - 13. Determine o(j).
5
Let i(l) = -28 + 21121*l - 21090*l - 120. What is i(5)?
7
Let h(o) = -3 - 7*o + 2*o**2 - o + 4 + 30*o. Let g(u) = -u**2 + 2*u + 4. Let p be g(5). Let r be h(p). Let y(l) = 7*l. Give y(r).
7
Let w(q) = -4*q - 49. Let s be (-25)/100*(3 - -41). Calculate w(s).
-5
Let q(b) be the second derivative of -29*b - 1/20*b**5 - 1/3*b**3 - 2 - 1/2*b**2 - 1/2*b**4. Determine q(-5).
-16
Suppose 0 = -4*h + 7*o - 39, 21*o = -4*h + 18*o - 29. Let v(a) = -a - 8. What is v(h)?
0
Let j(r) be the second derivative of r**4/12 - 5*r**3/6 - r**2 - 85*r + 21. Suppose -2*m + 1 + 5 = 0. Calculate j(m).
-8
Let b(m) = -5*m**2 - m + 6. Let k(v) = v**2 + v - 1. Suppose -l - 5*t = -5*l - 24, -l = -2*t + 9. Let u(g) = l*b(g) - 6*k(g). Determine u(-3).
6
Let r(k) = -k + 0*k**3 + 3*k**2 - 1 - 3*k**2 + k**3. Suppose -75*o = -116*o - 157*o. What is r(o)?
-1
Suppose -35 = -1325*d + 1330*d. Let w(s) be the third derivative of -7/24*s**4 - 6*s**2 + s**3 + 0*s - 1/60*s**5 + 0. What is w(d)?
6
Let w = 38 - 34. Let t be ((-40)/12)/(w*2/(-12)). Suppose -3*b + t*b + 18 = 4*u, -b - 5*u = -5. Let y(p) = p + 2. Give y(b).
-3
Let f be -3 + -6*(4 - 3)*-1. Suppose 0 = w - 2*w + 5, 3*r = f*w - 75. Let d = 15 + r. Let x(p) = -p**2 - 7*p - 7. What is x(d)?
3
Let x(k) = -75*k + 350. Let z(f) = -218*f + 1040. Let m(h) = 17*x(h) - 6*z(h). Calculate m(9).
7
Suppose -4*r - i = 32, 91*r - 23 = 92*r + 4*i. Let c(f) = f**3 + 8*f**2 + 10*f + 14. Determine c(r).
-7
Let s(q) = -q + 3. Suppose 2*o - 3 = 9. Suppose -2*y - o = 2. Let r be (60/(-45))/(y/6). Give s(r).
1
Let g be (-2002)/273*3/2. Let v(u) = u**2 + 8*u - 24. Determine v(g).
9
Let x(j) = 3*j - 15. Suppose 25*a = 52 + 35 - 12. Determine x(a).
-6
Suppose -t + 18 = -2*f + 2, -3*t + 2*f = -32. Let l(q) = 2*q**2 + 2*q - 147. Calculate l(t).
-3
Suppose -71 + 64 = -t - v, 0 = -t + 5*v - 29. Let f(a) = -6*a**3 + 7*a**2 - 7*a + 1. Calculate f(t).
-5
Let k(x) = -91*x + 2. Suppose -5*a - 39 = -33*h + 37*h, -4*a - 33 = 5*h. Calculate k(h).
93
Let x(d) = -5*d + 2. Let i(q) = 27*q - 16. Let a(t) = -i(t) - 6*x(t). Determine a(11).
37
Let x(y) = -y + 11*y - 6 - 3*y - 2*y. Let h be 2 - (1 - -2) - -6. What is x(h)?
19
Let s(d) be the third derivative of -3*d**4/8 + 3*d**3 - 2*d**2 + 5*d. Let o(c) = -36*c + 75. Let x(k) = -5*o(k) + 21*s(k). Determine x(3).
-24
Let q(m) = 1020*m + 106 - 65 + 108 - 1035*m. What is q(10)?
-1
Suppose -2 - 18 = 5*y, d - 7 = y. Suppose 5*l = 3*m - 484, 2*l - 70 - 379 = -d*m. Let g be m/27 - 2/6*-1. Let u(j) = -j**3 + 5*j**2 + 5*j + 6. What is u(g)?
0
Suppose 0 = -t - 1 - 2, -10 = -2*y - 4*t. Let g(d) = -9*d**2 - 9 - 3*d**2 + y*d**2 + 6*d. Suppose -3*f - f = -24. What is g(f)?
-9
Let k be (-2 - 5)/(1*2/(-8)). Let r be 0 + (3 - 2 - -3). Suppose r*i - 5*v = k, 2*i - 4*i + 14 = 2*v. Let b(z) = -4*z + 3. Give b(i).
-25
Let b(k) = 0*k + 43 + k - 2*k + 8*k. Let w(i) = 15*i + 86. Let q(x) = -13*b(x) + 6*w(x). Give q(0).
-43
Let d(j) = 6*j**2 + 5*j + 10*j - 21*j**2 + j**3 + 24*j**2 - 8*j. Calculate d(-8).
8
Let f(l) = -4 + 6*l + 6*l + 5*l - 1 - 14*l. Let q(c) = c**3 + 4*c**2 - c - 11. Let p be q(-4). Determine f(p).
-26
Let v(m) = -23*m**3 + m**2 + m - 1. Suppose -2*a + 14 = 6. Suppose 0 = 2*z - 4*h + 4, 3*h - 3 = z + 3. Suppose -a*q = -10*q + z. Give v(q).
-22
Let z(x) be the third derivative of -x**6/120 + x**5/10 + x**4/24 - x**3/2 + 2673*x**2. Give z(5).
27
Let x(b) = b + 379 - 97 - b**2 - 98 - 94 - 81. Let k(o) = -o - 1. Let f be k(-1). What is x(f)?
9
Suppose 203 - 191 = 6*p. Suppose -2*g - j - p*j = 17, 5*g + 5 = 5*j. Let i(w) = -w**3 - 6*w**2 - 4*w - 2. What is i(g)?
-18
Let b(f) = -13*f + 24. Let m(w) = -5*w + 9. Let v(x) = -3*b(x) + 8*m(x). Give v(8).
-8
Let p(g) = -2*g - 53. Let x be p(-27). Suppose -2*s - x = o - 0, 3*o - 1 = -4*s. Let w(u) = -2*u - 6. Give w(o).
-12
Let a(f) = -f**2 - 8*f + 4. Suppose 0 = 9*g - 11*g + 2, -3*q + g + 116 = 0. Suppose d = -2 + 6, 3*m = 3*d - q. Calculate a(m).
-5
Let u(k) = 11*k**2 - k + 92. Let i(q) = 13*q**2 + 100. Let l(d) = -6*i(d) + 7*u(d). Determine l(4).
0
Let d(z) = 219*z**2 - 23*z - 71. Let c(i) = -1008*i**2 + 104*i + 319. Let j(k) = -5*c(k) - 23*d(k). Calculate j(-6).
92
Let k(j) = 2254*j + 30 - 1138*j - 1115*j. Give k(14).
44
Suppose -268 = -593*o + 597*o. Let a(m) = -m**2 - 63*m + 273. What is a(o)?
5
Suppose 6516 = 676*f + 48*f. Let j(r) be the second derivative of -r**3/6 + 15*r**2/2 - 3*r. Calculate j(f).
6
Let m(w) = 2692*w - 1349*w - 178 - 1355*w. Determine m(-15).
2
Let b(s) = -s**2 + 12*s - 15. Suppose 7*d - 4*m + 27 = 8*d, 5*d = 2*m + 47. Calculate b(d).
-4
Let c(u) be the first derivative of u**4/4 + 2*u**3 + 7*u**2/2 + u + 4. Let k be 1*(-1 - -1 - 11/((-110)/(-50))). Calculate c(k).
-9
Let m = -65 + 82. Let k(i) = -10*i + 0*i**2 + m + 9*i - i**2. Let g be k(4). Let d(u) = u + 6. Calculate d(g).
3
Let u(d) = -d**3 + 4*d**2 + 15*d - 66. Let g(o) = 143*o + 4008. Let y be g(-28). Determine u(y).
-6
Let q = 84 - 82. Let b(h) = 22*h - 12*h - 9*h - q - 2*h. Calculate b(2).
-4
Let o(v) = v**3 - 6*v**2 + 5*v - 7. Suppose u + 17 = 3*t, -139*u - 41 = -3*t - 144*u. Let y(k) = 3 + 8*k - k**2 - 6 + 1. Let g be y(t). Calculate o(g).
-7
Let f(u) be the first derivative of u**2 + u + 1. Let b be 2/(-5) + (-3 - (-913)/(-55)). Let v = b + 18. Determine f(v).
-3
Suppose -r + 2*r + 1 = 0. Let o(i) = 47*i**2 - 27*i - 38. Let l(z) = 31*z**2 - 19*z - 27. Let f(d) = 7*l(d) - 5*o(d). What is f(r)?
-19
Let o(z) = z**3 + 4*z**2 + 2*z - 2. Suppose -30*l + 26*l = -72. Suppose -5*m + 9 = -r, -2*m - l + 16 = r. Give o(r).
-10
Let y = -2772 - -2761. Let m(h) = -5*h - 52. What is m(y)?
3
Let r(t) = 1127 + 30*t - 1130 - 51*t + t**2. What is r(21)?
-3
Let r(n) be the second derivative of 2 + 19/12*n**4 - 43*n + 0*n**3 + 1/2*n**2. Calculate r(1).
20
Let r(m) be the third derivative of m**4/2 - 97*m**3/6 - 1342*m**2. Give r(8).
-1
Let c(b) = 318*b**2 - 4*b - 50. Let h(x) = -158*x**2 + 2*x + 23. Let o(f) = 6*c(f) + 13*h(f). Give o(1).
-145
Let p(g) = 5*g + 6. Let m be p(3). Suppose 17 = -2*n + m. Let u(w) = 6*w - 2. Let j(l) = 25*l - 8. Let q(v) = j(v) - 3*u(v). What is q(n)?
12
Let j(y) = -1488 - y**3 + 3150 - 1666 + 5*y - 4*y**2. Calculate j(-5).
-4
Suppose -7*a + 15 + 2 = 10. Let o(b) = -13*b + 10. Give o(a).
-3
Let v(l) be the first derivative of -100 - 1/2*l**2 - 15*l. Determine v(-7).
-8
Let f(j) = 8*j**3 - j**2 + j. Suppose 2214 = 18*b + 756. Let r be (-2)/16 + b/72. Give f(r).
8
Let l(n) = -3*n - 2. Suppose 3*h + 505 = 5*g, 3*h + h + 396 = 4*g. Suppose 10*q + g - 94 = 0. Determine l(q).
1
Let x(v) = -6*v - 18. Let i(j) = -j**3 - 53*j**2 + j + 49. Let t be i(-53). Determine x(t).
6
Let h(i) = -3*i**3 + 19*i**2 + 10*i + 29. Let k be (-54 + 53)*((-12 - (-3 + 0)) + 2). What is h(k)?
1
Let b(c) = -5*c - 16. Let y be (-92)/460 - 396/20. What is b(y)?
84
Let s(j) = 4*j - 4. Let x(h) = -2*h**2 + 13*h - 20. Let v be x(4). Suppose v = -21*t + 36 + 27. Calculate s(t).
8
Let b(u) = u + 11. Let t be b(-14). Let m(a) = -a - 2. Let x(p) = 2*p + 7. Let k(q) = t*x(q) - 5*m(q). Give k(-7).
-4
Let n be 2/3*(-4 - (-102)/12). Let y(c) = 5*c - n*c + 6*c - 5*c - 1. Suppose -5*q = -0*q - 15. Determine y(q).
8
Let n(a) = a**3 + 6*a**2 + 3*a - 9. Let g be (-5)/(-2)*(-3 - -1)*1. Give n(g).
1
Let z(s) = -3*s**2 - 58*s + 10. Suppose -69*y + 94 = -4*n - 75*y, 0 = -5*n + 2*y - 89. Calculate z(n).
29
Let n(f) = 0*f - 35*f**2 + f - 28*f**2 - 13 + 61*f**2 - f**3 + 0*f. Calculate n(0).
-13
Let z be 32/18 - 2/(-9). Suppose -3*n = z + 1. Let w be n/(-2) - 12/(-8). Let j(d) = -7*d - 2. Give j(w).
-16
Let j(h) = 7*h - 3. Let u = -